13
What is the remainder when 76 is divided by 41?
35
Calculate the remainder when 420 is divided by 111.
87
Calculate the remainder when 1357 is divided by 1352.
5
What is the remainder when 2747 is divided by 95?
87
Calculate the remainder when 320 is divided by 317.
3
Calculate the remainder when 17078 is divided by 19.
16
Calculate the remainder when 372 is divided by 181.
10
What is the remainder when 700 is divided by 64?
60
Calculate the remainder when 439 is divided by 112.
103
What is the remainder when 1417 is divided by 468?
13
Calculate the remainder when 805 is divided by 797.
8
Calculate the remainder when 195 is divided by 30.
15
What is the remainder when 183 is divided by 65?
53
What is the remainder when 558 is divided by 13?
12
What is the remainder when 2457 is divided by 30?
27
Calculate the remainder when 73 is divided by 25.
23
What is the remainder when 187 is divided by 56?
19
What is the remainder when 803 is divided by 161?
159
Calculate the remainder when 36 is divided by 6.
0
What is the remainder when 69 is divided by 20?
9
What is the remainder when 153 is divided by 22?
21
What is the remainder when 30 is divided by 9?
3
What is the remainder when 7614 is divided by 17?
15
What is the remainder when 561 is divided by 122?
73
Calculate the remainder when 129 is divided by 22.
19
What is the remainder when 7478 is divided by 110?
108
What is the remainder when 151 is divided by 9?
7
What is the remainder when 82 is divided by 39?
4
What is the remainder when 235 is divided by 36?
19
Calculate the remainder when 328 is divided by 69.
52
What is the remainder when 393 is divided by 114?
51
Calculate the remainder when 24 is divided by 6.
0
Calculate the remainder when 574 is divided by 269.
36
Calculate the remainder when 501 is divided by 100.
1
Calculate the remainder when 3197 is divided by 128.
125
What is the remainder when 3116 is divided by 20?
16
Calculate the remainder when 2061 is divided by 35.
31
What is the remainder when 341 is divided by 50?
41
Calculate the remainder when 6443 is divided by 36.
35
What is the remainder when 451 is divided by 62?
17
What is the remainder when 3807 is divided by 56?
55
Calculate the remainder when 88 is divided by 48.
40
What is the remainder when 90 is divided by 23?
21
Calculate the remainder when 431 is divided by 45.
26
Calculate the remainder when 1245 is divided by 259.
209
What is the remainder when 1886 is divided by 51?
50
Calculate the remainder when 20 is divided by 12.
8
Calculate the remainder when 47 is divided by 22.
3
Calculate the remainder when 1205 is divided by 118.
25
Calculate the remainder when 112 is divided by 84.
28
Calculate the remainder when 65 is divided by 37.
28
Calculate the remainder when 486 is divided by 173.
140
What is the remainder when 235 is divided by 108?
19
What is the remainder when 792 is divided by 778?
14
Calculate the remainder when 22 is divided by 12.
10
Calculate the remainder when 1136 is divided by 346.
98
Calculate the remainder when 74 is divided by 12.
2
What is the remainder when 337 is divided by 60?
37
Calculate the remainder when 48 is divided by 6.
0
What is the remainder when 253 is divided by 127?
126
What is the remainder when 77 is divided by 20?
17
Calculate the remainder when 810 is divided by 204.
198
What is the remainder when 243 is divided by 5?
3
Calculate the remainder when 119 is divided by 11.
9
Calculate the remainder when 450 is divided by 25.
0
Calculate the remainder when 142 is divided by 78.
64
Calculate the remainder when 805 is divided by 172.
117
Calculate the remainder when 167 is divided by 66.
35
Calculate the remainder when 1844 is divided by 77.
73
What is the remainder when 2433 is divided by 23?
18
Calculate the remainder when 39 is divided by 15.
9
What is the remainder when 36 is divided by 10?
6
What is the remainder when 238 is divided by 15?
13
What is the remainder when 651 is divided by 170?
141
What is the remainder when 393 is divided by 99?
96
What is the remainder when 858 is divided by 21?
18
What is the remainder when 398 is divided by 21?
20
Calculate the remainder when 7311 is divided by 71.
69
What is the remainder when 792 is divided by 262?
6
What is the remainder when 11925 is divided by 7?
4
What is the remainder when 99 is divided by 96?
3
Calculate the remainder when 1115 is divided by 12.
11
Calculate the remainder when 231 is divided by 12.
3
Calculate the remainder when 514 is divided by 176.
162
What is the remainder when 926 is divided by 29?
27
Calculate the remainder when 158 is divided by 56.
46
Calculate the remainder when 721 is divided by 26.
19
Calculate the remainder when 3102 is divided by 97.
95
Calculate the remainder when 144 is divided by 5.
4
What is the remainder when 86 is divided by 55?
31
Calculate the remainder when 125 is divided by 61.
3
What is the remainder when 371 is divided by 11?
8
Calculate the remainder when 45 is divided by 16.
13
Calculate the remainder when 838 is divided by 60.
58
What is the remainder when 284 is divided by 73?
65
What is the remainder when 56148 is divided by 17?
14
What is the remainder when 820 is divided by 55?
50
Calculate the remainder when 22 is divided by 10.
2
What is the remainder when 4077 is divided by 145?
17
What is the remainder when 632 is divided by 192?
56
What is the remainder when 946 is divided by 4?
2
What is the remainder when 102 is divided by 43?
16
What is the remainder when 187 is divided by 40?
27
What is the remainder when 2080 is divided by 19?
9
What is the remainder when 331 is divided by 48?
43
What is the remainder when 629 is divided by 35?
34
Calculate the remainder when 1978 is divided by 576.
250
What is the remainder when 846 is divided by 136?
30
What is the remainder when 191 is divided by 16?
15
What is the remainder when 194 is divided by 7?
5
What is the remainder when 100 is divided by 26?
22
What is the remainder when 1391 is divided by 6?
5
What is the remainder when 52 is divided by 8?
4
What is the remainder when 2914 is divided by 582?
4
Calculate the remainder when 191 is divided by 60.
11
What is the remainder when 1006 is divided by 493?
20
What is the remainder when 595 is divided by 19?
6
Calculate the remainder when 1386 is divided by 172.
10
What is the remainder when 227 is divided by 21?
17
Calculate the remainder when 5452 is divided by 1815.
7
What is the remainder when 6891 is divided by 30?
21
What is the remainder when 302 is divided by 275?
27
What is the remainder when 5907 is divided by 14?
13
What is the remainder when 1469 is divided by 211?
203
What is the remainder when 82 is divided by 36?
10
What is the remainder when 739 is divided by 19?
17
What is the remainder when 1115 is divided by 158?
9
What is the remainder when 573 is divided by 23?
21
What is the remainder when 1315 is divided by 19?
4
What is the remainder when 81 is divided by 11?
4
Calculate the remainder when 683 is divided by 246.
191
Calculate the remainder when 87 is divided by 30.
27
What is the remainder when 234 is divided by 13?
0
What is the remainder when 657 is divided by 33?
30
What is the remainder when 62 is divided by 49?
13
Calculate the remainder when 302 is divided by 78.
68
What is the remainder when 2765 is divided by 17?
11
Calculate the remainder when 1862 is divided by 9.
8
Calculate the remainder when 857 is divided by 39.
38
What is the remainder when 508 is divided by 26?
14
Calculate the remainder when 20 is divided by 4.
0
What is the remainder when 117 is divided by 20?
17
Calculate the remainder when 59 is divided by 49.
10
Calculate the remainder when 119 is divided by 35.
14
What is the remainder when 171 is divided by 49?
24
Calculate the remainder when 268 is divided by 85.
13
What is the remainder when 1256 is divided by 21?
17
What is the remainder when 634 is divided by 16?
10
What is the remainder when 534 is divided by 6?
0
Calculate the remainder when 33073 is divided by 27.
25
Calculate the remainder when 2968 is divided by 54.
52
What is the remainder when 767 is divided by 55?
52
What is the remainder when 1037 is divided by 13?
10
What is the remainder when 1263 is divided by 383?
114
Calculate the remainder when 463 i